{"id":37,"date":"2012-12-26T18:02:09","date_gmt":"2012-12-26T17:02:09","guid":{"rendered":"http:\/\/www.kingdom.de\/cms\/?page_id=37"},"modified":"2018-05-26T13:09:56","modified_gmt":"2018-05-26T12:09:56","slug":"bilder","status":"publish","type":"page","link":"https:\/\/www.kingdom.de\/cms\/bilder","title":{"rendered":"Bilder"},"content":{"rendered":"<p>[lg_gallery]<\/p>\n<p>Aufgrund der aktuellen Datenschutzverordnung vom Netz genommen:<br \/>\n<a href=\"http:\/\/www.tomoko.de\/bilder\" target=\"new\">Bilder aus Tonga ! &#8211; Neu gescannt !<\/a><\/b><\/p>\n<p>An dieser Stelle m\u00f6chte ich mich einmal mehr herzlich f\u00fcr die Unterst\u00fctzung in punkto Bildern bedanken bei:<\/p>\n<p>ULLI und Galen R. Frysinger<\/p>\n","protected":false},"excerpt":{"rendered":"<p>[lg_gallery] Aufgrund der aktuellen Datenschutzverordnung vom Netz genommen: Bilder aus Tonga ! &#8211; Neu gescannt ! An dieser Stelle m\u00f6chte ich mich einmal mehr herzlich f\u00fcr die Unterst\u00fctzung in punkto Bildern bedanken bei: ULLI und Galen R. Frysinger<\/p>\n","protected":false},"author":1,"featured_media":0,"parent":0,"menu_order":3,"comment_status":"closed","ping_status":"closed","template":"","meta":{"footnotes":""},"class_list":["post-37","page","type-page","status-publish","hentry"],"_links":{"self":[{"href":"https:\/\/www.kingdom.de\/cms\/wp-json\/wp\/v2\/pages\/37","targetHints":{"allow":["GET"]}}],"collection":[{"href":"https:\/\/www.kingdom.de\/cms\/wp-json\/wp\/v2\/pages"}],"about":[{"href":"https:\/\/www.kingdom.de\/cms\/wp-json\/wp\/v2\/types\/page"}],"author":[{"embeddable":true,"href":"https:\/\/www.kingdom.de\/cms\/wp-json\/wp\/v2\/users\/1"}],"replies":[{"embeddable":true,"href":"https:\/\/www.kingdom.de\/cms\/wp-json\/wp\/v2\/comments?post=37"}],"version-history":[{"count":8,"href":"https:\/\/www.kingdom.de\/cms\/wp-json\/wp\/v2\/pages\/37\/revisions"}],"predecessor-version":[{"id":161,"href":"https:\/\/www.kingdom.de\/cms\/wp-json\/wp\/v2\/pages\/37\/revisions\/161"}],"wp:attachment":[{"href":"https:\/\/www.kingdom.de\/cms\/wp-json\/wp\/v2\/media?parent=37"}],"curies":[{"name":"wp","href":"https:\/\/api.w.org\/{rel}","templated":true}]}}